{"id":3515,"date":"2019-03-12T08:00:58","date_gmt":"2019-03-12T08:00:58","guid":{"rendered":"https:\/\/try.chethemes.com\/vodi\/?page_id=3515"},"modified":"2022-11-11T22:57:55","modified_gmt":"2022-11-11T21:57:55","slug":"coming-soon","status":"publish","type":"page","link":"https:\/\/www.hfc.live\/index.php\/coming-soon\/","title":{"rendered":"Coming Soon"},"content":{"rendered":"\n<p><\/p>\n\n\n        <section class=\"comingsoon-launch-section\">\n            <div class=\"comingsoon-launch-section__inner\">\n                                    <div class=\"comingsoon-launch-section__subscribe\">\n                        <div class=\"comingsoon-launch-section__caption\">\n                            <h2 class=\"comingsoon-launch-section__title\">Retrouvez tr\u00e8s prochainement<br> le lancement de la cha\u00eene de t\u00e9l\u00e9vision History Food Channel<\/h2> \n                            <p class=\"comingsoon-launch-section__desc\">Le M\u00e9dia d\u00e9di\u00e9 \u00e0 l\u2019histoire de la gastronomie et cuisine du monde<\/p>\n                        <\/div>  \n                        <div class=\"comingsoon-launch-section__subscribe-form\">\n                                                            [wpforms id=&#8221;5404&#8243;]                                                    <\/div>   \n                    <\/div>            <\/div>\n        <\/section>","protected":false},"excerpt":{"rendered":"","protected":false},"author":1,"featured_media":0,"parent":0,"menu_order":0,"comment_status":"closed","ping_status":"closed","template":"","meta":{"footnotes":""},"class_list":["post-3515","page","type-page","status-publish","hentry"],"aioseo_notices":[],"_links":{"self":[{"href":"https:\/\/www.hfc.live\/index.php\/wp-json\/wp\/v2\/pages\/3515","targetHints":{"allow":["GET"]}}],"collection":[{"href":"https:\/\/www.hfc.live\/index.php\/wp-json\/wp\/v2\/pages"}],"about":[{"href":"https:\/\/www.hfc.live\/index.php\/wp-json\/wp\/v2\/types\/page"}],"author":[{"embeddable":true,"href":"https:\/\/www.hfc.live\/index.php\/wp-json\/wp\/v2\/users\/1"}],"replies":[{"embeddable":true,"href":"https:\/\/www.hfc.live\/index.php\/wp-json\/wp\/v2\/comments?post=3515"}],"version-history":[{"count":34,"href":"https:\/\/www.hfc.live\/index.php\/wp-json\/wp\/v2\/pages\/3515\/revisions"}],"predecessor-version":[{"id":5897,"href":"https:\/\/www.hfc.live\/index.php\/wp-json\/wp\/v2\/pages\/3515\/revisions\/5897"}],"wp:attachment":[{"href":"https:\/\/www.hfc.live\/index.php\/wp-json\/wp\/v2\/media?parent=3515"}],"curies":[{"name":"wp","href":"https:\/\/api.w.org\/{rel}","templated":true}]}}